 3*p. Let x = 776 - l. What is the tens digit of x?
9
Let r be (-1)/3*-3*-4. Let o be (5 - 55)/(r/(-10)). What is the tens digit of (o/(-15))/(2/6)?
2
Let g(d) = d**3 + 9*d**2 + 7*d + 4. Let t be g(-8). Let s be 4/(-3) + (0 - 8/t). What is the tens digit of s/3 - 164/(-3)?
5
Let t = 1473 + -1052. Let m = t - -632. What is the thousands digit of m?
1
What is the hundreds digit of (-5)/((-15)/4314) - (5 + 2)?
4
Let p(g) be the third derivative of 83*g**5/60 + g**3/6 - 12*g**2. Let t be p(-1). What is the tens digit of t*(9/6 - 1) - 0?
4
Suppose -4*k - 3*c + 18 = 0, 4*k - 18 + 2 = -2*c. Suppose 5*m + k*d - 32 = -4, -2*m + 6 = -4*d. Suppose q - m*q = -28. What is the units digit of q?
7
Suppose 23*u - 2330 = 4685. Let a = u + 1315. What is the thousands digit of a?
1
What is the units digit of (-3 - 0) + 11/(-44) + 146404/16?
7
Let u = 529 + 1354. Suppose -488 = 5*o - u. What is the units digit of o?
9
Let v = 419 + -213. Let o = v + 190. What is the units digit of o?
6
Let t(l) = -5*l**3 - 20*l**2 + 18. Let n(b) = 9*b**3 + 41*b**2 + b - 36. Let d(k) = 4*n(k) + 7*t(k). What is the units digit of d(-8)?
4
Let u(y) = 4*y - 132. Let h be u(33). Suppose h = 5*w + t - 5690, -12*t = -8*t - 20. What is the tens digit of w?
3
Let s be 17/((3 + -2)/1). Let a(p) = 5*p - 35. Let b be a(s). Suppose 0 = -u - 3, -5*d = 2*u - b - 559. What is the units digit of d?
3
Let y be 1*4 + -4 + -3 - 1. Let f(t) = -8*t**3 - 6*t - 4*t**2 + t**2 + 8 + 6*t**3. What is the tens digit of f(y)?
1
Suppose -5*l + 2*p = -15623, 146 = 2*l - 5*p - 6120. Suppose l = 7*h + 8. What is the units digit of h?
5
Let f be (-13836)/(-6)*(-9)/(-6). Suppose 2*h - v - 4612 = -2*h, -f = -3*h + 3*v. What is the tens digit of h?
5
Suppose 0 = -2*i + 10, 0 = 4*a + 2*i + 2*i + 68. Let h = a - 14. What is the units digit of (1/((-2)/h))/(2/12)?
8
Let y(k) = -7*k**2 - 1093*k + 2*k**3 - k**3 + 14 + 1097*k. Let b be y(6). Suppose 3*x + b*x - 271 = 3*j, -3*x + 153 = 3*j. What is the tens digit of x?
5
Let j(u) = 40*u**2 + 55. What is the tens digit of j(7)?
1
Suppose 0 = 5*n - 4*u - 78447, 15229 = 5*n + 5*u - 63236. What is the ten thousands digit of n?
1
Let q = -3150 + 31237. What is the hundreds digit of q?
0
Suppose 5*y = -10, -5*o = -1229*y + 1232*y - 40519. What is the units digit of o?
5
Let b(o) = -o**3 + 14*o**2 + 12*o + 26. Let c be b(15). Let f(a) = 3*a**2 + 48*a - 30. What is the tens digit of f(c)?
4
What is the hundreds digit of 8/60 + (-9086968)/(-465)?
5
Suppose -2*b = -t + 4*t - 95103, 0 = 2*b - 2*t - 95108. What is the hundreds digit of b?
5
Let b(z) = -4*z + 56. Let f be b(13). Suppose -3*c - c = 3*u - 1138, f*c = 3*u - 1106. What is the tens digit of u?
7
Let o = -111 - -26. Let n = 85 + o. Suppose -d + 5 = n, -7*d = r - 6*d - 166. What is the tens digit of r?
6
Suppose 4*o - 82 = 5*f + 381, 4*f + 124 = o. What is the units digit of (-23)/((-920)/o)*5/2?
7
Suppose 0 = -5*v + 5*d - 600, -2*v = 4*d + d + 254. Suppose 2*g + 696 = -6*g. Let c = g - v. What is the tens digit of c?
3
Suppose 0 = -4*x - 3*x + 28. Suppose -x*v = 5*j - 499, 2*j - 189 - 11 = -2*v. Let i = 112 + j. What is the tens digit of i?
1
Let d be -10*(-16)/(-20)*1. Let w(v) = 11*v**2 + 21*v + 44. What is the hundreds digit of w(d)?
5
Let n = 155 - 141. Suppose n*q + 5*q - 10393 = 0. What is the units digit of q?
7
Suppose 0 = -5*d - 5*c - 15, 20 - 5 = -4*d - 5*c. Suppose 4*x - 6*x - 96 = d. What is the units digit of (8/(-6))/((x/(-315))/(-8))?
0
Let n(c) = 13*c**2 + 7*c - 964. What is the thousands digit of n(39)?
9
Let b(z) = -6*z**3 + 2*z**2 + 2*z + 3. Let y(f) = f**3 + 11*f**2 - 17*f - 18. Let w be y(-12). Let m = w - 44. What is the units digit of b(m)?
5
Let z = 4 - -15. Let w = z - 13. What is the tens digit of 55/3 - (-4)/w?
1
Let r = -19752 - -35448. What is the units digit of r?
6
Suppose 2*t - t = -2, -4*t = 2*k + 4. What is the hundreds digit of (k - -7) + -4 + 11*165?
8
Let d(v) = 10*v**2 + 4*v - 5. Let b be 5/(25/20) - -1. Let p be (b - 6) + 6 + -1 - 1. What is the units digit of d(p)?
7
Let a = 36561 - 13498. What is the tens digit of a?
6
Suppose 19*d - 18*d - 2611 = -4*t, 3*t = 9. What is the hundreds digit of d?
5
Suppose 184*s - 293*s + 1611238 = 0. What is the ten thousands digit of s?
1
Suppose -4*d + 2*h + 1948 = -844, 0 = 4*d + h - 2798. Let j = 98 + d. What is the units digit of j?
7
Let u be (7/(-14))/(-2 + 49/24). What is the tens digit of (-27)/u*(-6 - -374)?
2
Let b = 52 + -46. Let n be (-192)/(-9)*b/4. What is the units digit of (-1300)/(-11) + n/(-176)?
8
Suppose -3*n = -n - 2*m - 22, 2*m - 33 = -3*n. Let x be (1/3*(n + -11))/(-2). Suppose x*k - 3*k + 36 = 0. What is the units digit of k?
2
Let j(y) = y**3 - 13*y**2 - 14*y - 5. Let c be j(14). What is the tens digit of 60 + 2/(c - -3) + -2?
5
What is the ten thousands digit of 2*((-4)/(-3) + 420/(-126) - -29893)?
5
Let n(k) = -5151*k - 419. What is the tens digit of n(-3)?
3
Let r(p) = 239*p**2 - 20*p - 49. What is the tens digit of r(-11)?
9
Suppose -303 + 885 = 2*d. Let v = d - 183. What is the units digit of v?
8
Let c = -3463 - -8140. What is the tens digit of c?
7
Suppose -61*u = -57*u - 2160. Let o = u - 241. What is the tens digit of o?
9
Let r be 0 + (-2158)/(-15) + 80/600. Suppose -2*g + 3*q + r = -g, 4*g - 565 = q. What is the units digit of g?
1
What is the thousands digit of (-3 - -6 - 3) + 52 + 10791?
0
Let b(c) = -c**3 - 11*c**2 - c - 8. Let w be b(-11). Suppose 0 = -2*t, -2*r + w*t + 15 - 1 = 0. Suppose 11*v = r*v + 764. What is the tens digit of v?
9
Let b(t) = -32*t + 2365. What is the hundreds digit of b(17)?
8
Let r(j) = j**3 - 4*j**2 + 38*j - 102. Let t be r(3). Suppose 5*i + 1209 = 3*b - 2535, -5*b + 6240 = t*i. What is the tens digit of b?
4
Let s(m) = -m**3 - 20*m**2 + 3. Let x be s(-20). Suppose 256 = 4*k + x*l + 18, -2*k = -3*l - 110. Suppose -2*z = -212 + k. What is the units digit of z?
7
Suppose -2*k - 2*k + 953 = c, -4*k - 3*c + 955 = 0. Suppose 108 = 2*d - 5*g, 13*d + g - k = 9*d. What is the tens digit of d?
5
Let f(g) = -g**3 - 2*g**2 + 6*g + 7. Let r be f(-3). Let n be (r/7)/((-4)/2828). Suppose n + 248 = 5*u. What is the units digit of u?
0
Let w(y) = -2*y**2 - 2*y + 3*y**2 + 4*y + 5 + 1. Let t be w(0). What is the tens digit of (3/t)/(2/188)?
4
Suppose 0 = -97*z + 393428 + 237072. What is the thousands digit of z?
6
Let a(n) = -11930*n + 1306. What is the ten thousands digit of a(-2)?
2
Let x = 150 + -145. Suppose 5 = x*s - 3*i, 4*s = 9*s - 4*i. What is the tens digit of 0/((-3)/(-12)*s) + 20?
2
Let a(r) = 4428*r**2 - 137*r - 537. What is the ten thousands digit of a(-4)?
7
Suppose -175*v + 4960406 = 34*v. What is the tens digit of v?
3
Suppose 0 = 5*a, 4*z - 10*a + 5*a = 5508. Let f = -661 + z. What is the units digit of f?
6
Suppose -288 = -5*o + 2372. Suppose -4*y + o = -11*y. Let i = y - -133. What is the units digit of i?
7
Let o(p) = p - 1. Let r(i) = 29*i + 2. Let q(z) = -2*z**2 - 18*z - 11. Let y be q(-8). Let k(u) = y*o(u) + r(u). What is the units digit of k(3)?
9
Let u(g) = -g**3 - 10*g**2 + 11*g. Let b be u(-11). Let t = -89 - -196. Suppose q = -b*q + t. What is the units digit of q?
7
Let f = 14912 - -20520. What is the thousands digit of f?
5
Let v = -140 - -406. Let y be 2/((-6)/(-3)) + (v - 5). Suppose 4*h + 42 = 2*s - 104, -4*s - 2*h = -y. What is the units digit of s?
7
Let x(h) = 7*h - 8. Let s be x(-2). Let g be (-4)/s - (-23935)/(-55). Let c = 630 + g. What is the hundreds digit of c?
1
Let l(v) = v**3 + 8*v**2 - 3*v - 34. Let s(q) = -q**3 - 8*q**2 + 2*q + 35. Let k(z) = 3*l(z) + 4*s(z). What is the units digit of k(-10)?
8
Suppose f + 20 = 3*b + 231, 3*f - 2*b - 598 = 0. Let s = 629 - 354. Suppose -2*n - v + f + s = 0, n = -v + 234. What is the tens digit of n?
3
Suppose -24*b + 2*q = -20*b - 15908, -4*q = 5*b - 19872. What is the thousands digit of b?
3
What is the hundreds digit of 1/(2 - (-534)/(-268)) - (-34 + 28)?
1
Let m = -10 + 12. Suppose r + m = -1. What is the tens digit of (-2 + -2)/2 - (r - 71)?
7
Suppose -21483 = -3*q - 3*u, 3*q - 5715 = -u + 15776. What is the units digit of q?
5
Suppose 6158*a - 6168*a + 106850 = 0. What is the units digit of a?
5
Suppose 333*c = 393*c - 1593360. What is the hundreds digit of c?
5
Let r = 1864 + 697. What is the tens digit of r?
6
L